of 1014?
False
Does 1372 divide 496264748?
True
Is 225161538 a multiple of 4886?
True
Is 1460671351 a multiple of 2601?
False
Is 4 a factor of 8912400?
True
Is 468003707 a multiple of 1759?
False
Is 473 a factor of 263540937?
True
Is 324753527 a multiple of 4288?
False
Is 751015894 a multiple of 12?
False
Does 39 divide 250586544?
True
Does 8 divide 715190563?
False
Is 114 a factor of 12296154?
True
Is 369 a factor of 14375090?
False
Is 3 a factor of 93492026?
False
Does 28 divide 223812064?
True
Is 289117044 a multiple of 87?
False
Does 821 divide 20092349?
False
Is 68595384 a multiple of 78?
True
Is 7 a factor of 731956388?
False
Is 27 a factor of 24822666?
True
Does 543 divide 3791332971?
True
Does 15 divide 2194444875?
True
Is 114 a factor of 42579228?
True
Is 1064287772 a multiple of 10?
False
Is 8 a factor of 180866381?
False
Is 1820 a factor of 459291560?
True
Is 16063507 a multiple of 8?
False
Is 43 a factor of 15823011?
True
Is 6 a factor of 6146987?
False
Does 2698 divide 1035635239?
False
Is 117349400 a multiple of 4?
True
Is 77 a factor of 332473757?
True
Is 513980814 a multiple of 94?
True
Is 107796760 a multiple of 2?
True
Is 35 a factor of 128997013?
False
Does 14 divide 309261988?
True
Is 19 a factor of 14457944?
False
Is 552 a factor of 86290678?
False
Does 11 divide 180481411?
True
Does 492 divide 476075407?
False
Does 1006 divide 154262288?
False
Does 17 divide 35577803?
False
Is 8328300 a multiple of 276?
True
Does 409 divide 18409908?
True
Is 5875 a factor of 1252315678?
False
Is 105 a factor of 37987635?
True
Does 3 divide 2316710?
False
Does 476 divide 68365976?
True
Is 1145 a factor of 100861905?
True
Is 138960745 a multiple of 89?
False
Is 508 a factor of 72495156?
True
Does 23 divide 21784910?
True
Does 8 divide 17530864?
True
Is 1695 a factor of 110759592?
False
Is 20 a factor of 422682746?
False
Is 3 a factor of 287801316?
True
Is 5007933 a multiple of 63?
True
Is 2515 a factor of 55164010?
True
Does 15 divide 627443625?
True
Is 8951580 a multiple of 99?
True
Is 53 a factor of 29135220?
False
Is 8541924 a multiple of 276?
True
Is 39110326 a multiple of 293?
False
Is 58 a factor of 276376129?
False
Is 39922962 a multiple of 73?
False
Is 186428739 a multiple of 1999?
True
Is 6989 a factor of 4928070918?
False
Is 34 a factor of 135872840?
True
Is 11191406 a multiple of 62?
False
Is 1919 a factor of 524849078?
False
Is 9 a factor of 195728604?
False
Is 984 a factor of 352666040?
False
Is 6065224937 a multiple of 101?
False
Does 162 divide 2229791814?
True
Is 12 a factor of 103510657?
False
Does 18 divide 56494205?
False
Does 62 divide 271298546?
True
Is 7 a factor of 120538301?
False
Is 337332986 a multiple of 1594?
False
Is 51170340 a multiple of 1156?
True
Is 1955 a factor of 516638449?
False
Is 311 a factor of 18523590?
False
Does 364 divide 26701688?
False
Does 2004 divide 2696099402?
False
Does 84 divide 38114412?
True
Is 28486651 a multiple of 257?
True
Is 1181889005 a multiple of 55?
True
Does 299 divide 8238945?
True
Does 24 divide 325058936?
False
Does 25 divide 15225921?
False
Is 11 a factor of 197119?
False
Does 10 divide 1008238794?
False
Is 1374801817 a multiple of 19?
False
Is 539834625 a multiple of 925?
True
Does 11 divide 382657330?
True
Is 50113602 a multiple of 519?
True
Is 2305497 a multiple of 111?
False
Is 4 a factor of 59169717?
False
Does 7000 divide 241320400?
False
Is 1090529944 a multiple of 28?
True
Is 49 a factor of 491673215?
False
Is 264800593 a multiple of 2817?
False
Is 165447781 a multiple of 346?
False
Is 74 a factor of 19070682?
False
Is 21 a factor of 55361166?
True
Is 228 a factor of 383032704?
True
Does 597 divide 98849222?
False
Is 100564072 a multiple of 49?
True
Is 81882552 a multiple of 228?
True
Is 972329984 a multiple of 376?
True
Does 3136 divide 910493696?
True
Does 62 divide 655464?
True
Does 122 divide 261836026?
False
Is 4383514108 a multiple of 6850?
False
Is 72 a factor of 349556773?
False
Is 252 a factor of 53728866?
False
Is 739 a factor of 13890244?
True
Is 2826 a factor of 303023504?
False
Is 343666000 a multiple of 2480?
True
Is 41681552 a multiple of 44?
True
Is 115650222 a multiple of 772?
False
Does 880 divide 1530789096?
False
Is 130228075 a multiple of 5?
True
Is 49840 a multiple of 2492?
True
Is 153339055 a multiple of 24?
False
Is 37952308 a multiple of 34?
False
Does 5 divide 677195870?
True
Is 196043319 a multiple of 35?
False
Does 599 divide 37707050?
True
Does 7 divide 607371940?
True
Is 112 a factor of 4843664?
True
Is 151020601 a multiple of 10?
False
Is 531734360 a multiple of 566?
True
Does 24 divide 2583480672?
True
Does 6 divide 125590878?
True
Is 41238566 a multiple of 34?
True
Does 6654 divide 713960892?
True
Does 711 divide 15430833?
True
Is 101342109 a multiple of 48?
False
Is 396693742 a multiple of 11?
False
Is 60 a factor of 82114020?
True
Is 4 a factor of 12984768?
True
Is 23 a factor of 8154867?
False
Does 2677 divide 46374015?
False
Is 287997987 a multiple of 33?
False
Is 1930 a factor of 109767484?
False
Is 404992387 a multiple of 87?
False
Is 8 a factor of 202465433?
False
Is 121283640 a multiple of 178?
False
Is 186 a factor of 4828413?
False
Is 612 a factor of 1971207324?
True
Does 30 divide 152447927?
False
Is 1436910562 a multiple of 101?
False
Is 272257336 a multiple of 58?
True
Is 274885835 a multiple of 49?
True
Is 321317606 a multiple of 16?
False
Does 31 divide 289184740?
True
Is 1004867528 a multiple of 56?
True
Is 42 a factor of 456357672?
False
Is 13 a factor of 2649080566?
False
Is 109263483 a multiple of 1260?
False
Is 694639376 a multiple of 3980?
False
Is 24022180 a multiple of 130?
True
Is 47 a factor of 7315296623?
True
Does 267 divide 743001459?
True
Does 205 divide 769456430?
True
Does 7 divide 71940031?
False
Does 101 divide 2819578?
False
Is 129 a factor of 73793829?
False
Does 429 divide 13482183?
True
Is 168 a factor of 2611726797?
False
Is 59 a factor of 24946144?
True
Is 61 a factor of 74398406?
True
Is 16 a factor of 1077009874?
False
Is 31 a factor of 1352441940?
False
Is 107 a factor of 27193729?
True
Is 2087026578 a multiple of 126?
True
Is 57 a factor of 574731?
True
Is 2986 a factor of 398439896?
True
Is 336176672 a multiple of 1924?
True
Is 14305819 a multiple of 14?
False
Does 26 divide 55648814?
True
Is 14 a factor of 482320022?
False
Is 418 a factor of 779808368?
False
Is 214837037 a multiple of 229?
True
Is 15153722 a multiple of 392?
False
Does 67 divide 53755898?
False
Is 28 a factor of 4149524?
False
Is 22 a factor of 566390110?
True
Is 131370882 a multiple of 61?
False
Does 215 divide 53139578?
False
Does 830 divide 290922175?
False
Is 44 a factor of 302375260?
True
Is 193 a factor of 438926127?
False
Does 97 divide 23716500?
True
Is 133408671 a multiple of 121?
True
Does 270 divide 4184460?
True
Is 36764728 a multiple of 308?
True
Does 12 divide 1975491684?
True
Does 756 divide 348328564?
False
Is 7 a factor of 58755277?
True
Is 2657 a factor of 196687082?
True
Is 230751869 a multiple of 118?
False
Is 767498399 a multiple of 41?
False
Does 194 divide 30222484?
True
Is 13 a factor of 611461?
False
Is 880643322 a multiple of 177?
True
Is 1648435206 a multiple of 597?
True
Is 45 a factor of 44809948?
False
Is 89434467 a multiple of 423?
True
Does 128 divide 58381696?
True
Does 737 divide 86719652?
False
Is 1389 a factor of 1134249?
False
Is 40902057 a multiple of 259?
True
Does 1121 divide 16579533?
False
Is 108 a factor of 20456172?
True
Does 15 divide 23396595?
True
Does 12 divide 58926588?
True
Does 487 divide 1430862005?
True
Is 140815692 a multiple of 60?
False
Is 164 a factor of 12676816?
False
Is 3351580557 a multiple of 12226?
False
Is 2 a factor of 138914181?
False
Is 337120 a multiple of 554?
False
Does 128 divide 2056757248?
True
Is 43888196 a multiple of 49?
False
Does 499 divide 94880707?
False
Does 9 divide 413497611?
True
Does 372 divide 45885084?
True
Does 157 divide 19607065?
False
Is 233 a factor of 17888808?
True
Does 469 divide 13426988?
False
Is 646 a factor of 70317746?
True
Is 16 a factor of 1177669?
False
Is 1982 a factor of 4491582634?
True
Is 4059 a factor of 790047819?
True
Is 76549424 a multiple of 3915?
False
Does 105 divide 80047144?
False
Is 143 a factor of 2748